233191 composite?
False
Is 274879 prime?
False
Is 18416917 prime?
False
Is 95550203 a prime number?
False
Is 12629723 a prime number?
False
Is 2403223 a composite number?
True
Is 904147 composite?
False
Is 1637029 prime?
True
Is 91665857 a prime number?
True
Is 189240697 a prime number?
False
Is 23854661 prime?
False
Is 31609079 composite?
False
Is 7529693 a composite number?
False
Is 29251529 a prime number?
False
Is 5165647 prime?
True
Is 10771287 a prime number?
False
Is 4211509 a prime number?
False
Is 256436317 composite?
False
Is 65104183 a composite number?
False
Is 666611 composite?
True
Is 1242739 a composite number?
False
Is 4063082 composite?
True
Is 27689197 a prime number?
False
Is 1555971 composite?
True
Is 15129238 prime?
False
Is 157727 a prime number?
False
Is 35892497 prime?
True
Is 3361601 prime?
True
Is 7187249 prime?
False
Is 35291 composite?
False
Is 3206317 prime?
False
Is 36708373 a prime number?
False
Is 25284503 composite?
True
Is 1304803 composite?
False
Is 15040657 prime?
False
Is 1987789 a prime number?
True
Is 35672387 prime?
False
Is 147505 a composite number?
True
Is 20137669 prime?
False
Is 364267 composite?
False
Is 40800167 composite?
False
Is 50810317 composite?
True
Is 8941171 prime?
True
Is 1848859 a prime number?
True
Is 6249433 a prime number?
True
Is 3699841 composite?
False
Is 7073141 prime?
False
Is 36972029 a composite number?
False
Is 102402497 a prime number?
False
Is 2565712499 a prime number?
False
Is 1333313 a composite number?
False
Is 330708133 a composite number?
True
Is 7429309 composite?
True
Is 514621 prime?
True
Is 2350249 composite?
True
Is 1543834 prime?
False
Is 87507554 a composite number?
True
Is 254831723 composite?
True
Is 6589747 a prime number?
True
Is 100532543 prime?
False
Is 5988011 a prime number?
True
Is 1207049 composite?
True
Is 46894997 prime?
False
Is 1427331 a prime number?
False
Is 6038471 prime?
True
Is 6114613 a prime number?
False
Is 17826101 a composite number?
True
Is 2917793 a composite number?
True
Is 16531139 a prime number?
True
Is 4897021 composite?
False
Is 5778137 prime?
True
Is 616129023 a prime number?
False
Is 205137941 a prime number?
True
Is 3287381 a composite number?
True
Is 4250809 a prime number?
True
Is 64721443 prime?
False
Is 90814651 composite?
False
Is 253492847 prime?
True
Is 115244879 prime?
False
Is 49262077 a prime number?
False
Is 53364541 composite?
True
Is 115247593 prime?
True
Is 1431901 composite?
True
Is 73070291 prime?
False
Is 213793 composite?
True
Is 132657227 prime?
True
Is 75137651 prime?
True
Is 4782541 a composite number?
True
Is 2254517 a composite number?
False
Is 181603 a composite number?
False
Is 550553 a prime number?
True
Is 32166217 a prime number?
True
Is 20544533 prime?
False
Is 5808269 composite?
False
Is 98128913 prime?
False
Is 1581934 prime?
False
Is 333276935 a composite number?
True
Is 53653 prime?
True
Is 7971377 composite?
True
Is 3506549 prime?
True
Is 53590483 a composite number?
True
Is 1584691 a composite number?
True
Is 151796539 a composite number?
False
Is 1363499 prime?
False
Is 5501261 a prime number?
False
Is 31227739 a composite number?
True
Is 48122 prime?
False
Is 5294743 a composite number?
False
Is 14202127 composite?
True
Is 10942489 a composite number?
True
Is 1660045 composite?
True
Is 619753154 a composite number?
True
Is 891319687 composite?
False
Is 1560539 a prime number?
True
Is 2750249 a composite number?
False
Is 174801151 a composite number?
True
Is 34748449 prime?
False
Is 6373077 prime?
False
Is 135565754 a composite number?
True
Is 28391663 prime?
True
Is 23865631 a prime number?
True
Is 19435057 prime?
False
Is 16086533 prime?
False
Is 12804599 prime?
True
Is 194947255 a prime number?
False
Is 110962217 a prime number?
True
Is 110332697 a prime number?
False
Is 434207 composite?
True
Is 2582191 prime?
False
Is 97043665 composite?
True
Is 17539811 a composite number?
False
Is 14210557 prime?
True
Is 46325513 prime?
False
Is 64885259 composite?
True
Is 16757723 composite?
False
Is 6430723 a composite number?
True
Is 3939211 prime?
False
Is 223751 prime?
False
Is 87817721 composite?
True
Is 22146141 composite?
True
Is 1453679 prime?
False
Is 44520871 composite?
False
Is 34668721 a composite number?
False
Is 147989201 prime?
True
Is 6131497 a prime number?
False
Is 16380601 composite?
False
Is 567719 a composite number?
False
Is 1507717 prime?
False
Is 8132743 composite?
False
Is 313507 a prime number?
True
Is 9544499 a composite number?
False
Is 3739999 a composite number?
False
Is 407479057 prime?
True
Is 99401 a composite number?
False
Is 26478391 composite?
False
Is 35980781 a prime number?
False
Is 13060537 composite?
True
Is 269039 a composite number?
False
Is 91998857 prime?
True
Is 590626 a composite number?
True
Is 38850547 a prime number?
False
Is 14222459 a composite number?
True
Is 3083974 prime?
False
Is 2067393 composite?
True
Is 13686665 a composite number?
True
Is 4897271 a composite number?
True
Is 461051 a composite number?
False
Is 33078757 a composite number?
False
Is 92291777 prime?
False
Is 61907441 a composite number?
True
Is 242518789 a composite number?
False
Is 27080195 a composite number?
True
Is 104863802 a composite number?
True
Is 616498 composite?
True
Is 36100073 a prime number?
True
Is 47384569 a prime number?
True
Is 15740071 prime?
True
Is 3251231 prime?
True
Is 249967261 prime?
True
Is 35536769 composite?
False
Is 42904765 composite?
True
Is 245221 prime?
False
Is 8804671 prime?
False
Is 29237315 composite?
True
Is 929791 a composite number?
False
Is 4131899 a prime number?
False
Is 128027261 a prime number?
True
Is 3414527 a composite number?
False
Is 3743203 prime?
True
Is 121531601 prime?
True
Is 9667939 prime?
False
Is 76350353 a prime number?
False
Is 21379681 a prime number?
True
Is 11749963 composite?
False
Is 127671959 prime?
True
Is 1144063 a prime number?
False
Is 67798729 composite?
True
Is 49825513 a prime number?
False
Is 41688079 a prime number?
True
Is 13387583 prime?
False
Is 6084401 a prime number?
False
Is 1023727 prime?
False
Is 121508249 composite?
True
Is 888623 a composite number?
False
Is 2130953 prime?
False
Is 205733599 prime?
True
Is 306380306 composite?
True
Is 2406847 prime?
True
Is 49199107 a composite number?
False
Is 60785717 a composite number?
True
Is 106107649 composite?
False
Is 25134717 composite?
True
Is 11716923 a composite number?
True
Is 4896077 prime?
True
Is 747107 composite?
False
Is 2131837 composite?
False
Is 1604441 prime?
True
Is 5177059 prime?
True
Is 1273007 a prime number?
False
Is 2029241 prime?
True
Is 248367793 prime?
True
Is 10065941 a composite number?
False
Is 5786083 a prime number?
True
Is 27565303 a prime number?
True
Is 3209383 prime?
False
Is 4213474 a composite number?
True
Is 12540277 a prime number?
False
Is 3635519 prime?
False
Is 2576159 composite?
False
Is 21521939 prime?
True
Is 42816307 prime?
True
Is 5136163 a prime number?
True
Is 12218387 a composite number?
True
Is 9114299 a prime number?
False
Is 2080901 prime?
False
Is 12715751 prime?
True
Is 2998729 composite?
False
Is 17059871 prime?
True
Is 108857053 a composite number?
True
Is 1261583 a prime number?
False
Is 1259503913 a composite number?
False
Is 34439099 prime?
True
Is 192540923 a composite number?
False
Is 398330409 prime?
False
Is 205925857 prime?
False
Is 41712661 a prime number?
True
Is 65209 prime?
False
Is 3954959 prime?
True
Is 3360113 a composite number?
False
Is 96643 a composite number?
False
Is 3164531 prime?
True
Is 4772531 a composite number?
False
Is 182834251 a composite number?
False
Is 433517921 a composite number?
False
Is 15649773 composite?
True
Is 1344502 a composite number?
True
Is 17102829 a composite number?
True
Is 1094149 prime?
False
Is 8790223 composite?
True
Is 60741463 prime?
False
Is 6433369 a composite number?
False
Is 24835409 composite?
False
Is 223144517 composite?
True
Is 53126663 prime?
False
Is 119903801 a composite number?
False
Is 24895751 a prime number?
True
Is 40961519 a prime number?
True
Is 2193403 composite?
True
Is 23682291 composite?
True
Is 8021111 composite?
True
Is 53264811 a composite number?
True
Is 64883017 composite?
False
Is 32276021 a composite number?
Fal